{"id":2,"date":"2021-08-20T04:20:17","date_gmt":"2021-08-20T04:20:17","guid":{"rendered":"http:\/\/oenicaragua.org\/new\/?page_id=2"},"modified":"2022-08-04T12:39:54","modified_gmt":"2022-08-04T18:39:54","slug":"quienes_somos","status":"publish","type":"page","link":"https:\/\/oenicaragua.org\/?page_id=2","title":{"rendered":"\u00bfQui\u00e9nes somos?"},"content":{"rendered":"<h3 style=\"text-align: center;\"><strong>\u00bfQu\u00e9 es Olimpiadas Especiales?<\/strong><\/h3>\n<p style=\"text-align: justify;\"><strong>Olimpiadas Especiales (Special Olympics)<\/strong> <strong>es una ONG<\/strong> y movimiento mundial de personas que pensaron en la creaci\u00f3n de un nuevo mundo de la inclusi\u00f3n a trav\u00e9s del deporte y la salud inclusiva. Olimpiadas Especiales<strong> empez\u00f3 en la d\u00e9cada de 1960 cuando Eunice Kennedy Shirver noto que las personas con discapacidad intelectual<\/strong> eran mucho mas capaces en el deporte y actividades f\u00edsicas que lo que los expertos pensaban.<\/p>\n<p>En 1968 Olimpiadas Especiales tubo los <strong>primeros juegos internacionales de verano en<\/strong> <strong>Soldier Field en Chicago, Illinois, USA.<\/strong> En 1997, Olimpiadas Especiales empez\u00f3 su programa de salud Inclusivo con el programa <strong>Atleta Saludable.<\/strong><\/p>\n<p>&nbsp;<\/p>\n<h3 style=\"text-align: center;\">\u00bfQu\u00e9 es una discapacidad intelectual (DI)?<\/h3>\n<p style=\"text-align: justify;\"><strong>Discapacidad intelectual (DI)<\/strong> es un termino usado cuando una persona tiene ciertas limitaciones en el funcionamiento y las habilidades cognitivas. Hay mas de <strong>200 millones de personas con DI<\/strong> en el mundo y las DI es la capacidad de desarrollo m\u00e1s com\u00fan.<\/p>\n<p>&nbsp;<\/p>\n<h3 style=\"text-align: center;\"><span>\u00abLa revoluci\u00f3n es inclusi\u00f3n\u00bb<\/span><\/h3>\n<p style=\"text-align: justify;\">Queremos que nuestras audiencias conozcan los esfuerzos, programas e iniciativas de <strong>SALUD de Olimpiadas Especiales.<\/strong> #SaludInclusiva y su necesidad.<\/p>\n<p>&nbsp;<\/p>\n<table style=\"border-collapse: collapse; width: 100%;\">\n<tbody>\n<tr>\n<td>\n<h3 style=\"text-align: center;\"><b>Misi\u00f3n<\/b><strong>\u00a0<\/strong><\/h3>\n<p style=\"text-align: justify;\">Contribuir a mejorar la calidad de vida de las personas con Discapacidad Intelectual mediante actividades deportivas que consoliden sus valores y eleven su autoestima ante la Sociedad.<\/p>\n<\/td>\n<td style=\"width: 50%;\">\n<h3 style=\"text-align: center;\"><strong>Visi\u00f3n<\/strong><\/h3>\n<p style=\"text-align: justify;\">Ser una organizaci\u00f3n de referencia Nacional e Internacional en el desarrollo de Actividad F\u00edsicas, Deportivas, Salud y F\u00edsico para las personas con Discapacidad Intelectual.<\/p>\n<\/td>\n<\/tr>\n<\/tbody>\n<\/table>\n","protected":false},"excerpt":{"rendered":"<p>\u00bfQu\u00e9 es Olimpiadas Especiales? Olimpiadas Especiales (Special Olympics) es una ONG y movimiento mundial de personas que pensaron en la creaci\u00f3n de un nuevo mundo de la inclusi\u00f3n a trav\u00e9s del deporte y la salud inclusiva. Olimpiadas Especiales empez\u00f3 en la d\u00e9cada de 1960 cuando Eunice Kennedy Shirver noto que [&hellip;]<\/p>\n","protected":false},"author":1,"featured_media":0,"parent":0,"menu_order":0,"comment_status":"closed","ping_status":"open","template":"","meta":{"footnotes":""},"class_list":["post-2","page","type-page","status-publish","hentry"],"_links":{"self":[{"href":"https:\/\/oenicaragua.org\/index.php?rest_route=\/wp\/v2\/pages\/2","targetHints":{"allow":["GET"]}}],"collection":[{"href":"https:\/\/oenicaragua.org\/index.php?rest_route=\/wp\/v2\/pages"}],"about":[{"href":"https:\/\/oenicaragua.org\/index.php?rest_route=\/wp\/v2\/types\/page"}],"author":[{"embeddable":true,"href":"https:\/\/oenicaragua.org\/index.php?rest_route=\/wp\/v2\/users\/1"}],"replies":[{"embeddable":true,"href":"https:\/\/oenicaragua.org\/index.php?rest_route=%2Fwp%2Fv2%2Fcomments&post=2"}],"version-history":[{"count":27,"href":"https:\/\/oenicaragua.org\/index.php?rest_route=\/wp\/v2\/pages\/2\/revisions"}],"predecessor-version":[{"id":535,"href":"https:\/\/oenicaragua.org\/index.php?rest_route=\/wp\/v2\/pages\/2\/revisions\/535"}],"wp:attachment":[{"href":"https:\/\/oenicaragua.org\/index.php?rest_route=%2Fwp%2Fv2%2Fmedia&parent=2"}],"curies":[{"name":"wp","href":"https:\/\/api.w.org\/{rel}","templated":true}]}}