{"id":2258,"date":"2022-09-02T02:34:13","date_gmt":"2022-09-02T08:34:13","guid":{"rendered":"https:\/\/oenicaragua.org\/?page_id=2258"},"modified":"2022-09-02T02:54:44","modified_gmt":"2022-09-02T08:54:44","slug":"juan-francisco-urbina-ruiz","status":"publish","type":"page","link":"https:\/\/oenicaragua.org\/?page_id=2258","title":{"rendered":"Juan Francisco Urbina Ruiz"},"content":{"rendered":"<div id=\"attachment_2259\" style=\"width: 760px\" class=\"wp-caption aligncenter\"><img loading=\"lazy\" decoding=\"async\" aria-describedby=\"caption-attachment-2259\" src=\"https:\/\/oenicaragua.org\/wp-content\/uploads\/2022\/09\/JU_03-1024x576.jpg\" alt=\"\" width=\"750\" height=\"422\" class=\"wp-image-2259 size-large\" srcset=\"https:\/\/oenicaragua.org\/wp-content\/uploads\/2022\/09\/JU_03-1024x576.jpg 1024w, https:\/\/oenicaragua.org\/wp-content\/uploads\/2022\/09\/JU_03-300x169.jpg 300w, https:\/\/oenicaragua.org\/wp-content\/uploads\/2022\/09\/JU_03-768x432.jpg 768w, https:\/\/oenicaragua.org\/wp-content\/uploads\/2022\/09\/JU_03-1536x864.jpg 1536w, https:\/\/oenicaragua.org\/wp-content\/uploads\/2022\/09\/JU_03-2048x1152.jpg 2048w\" sizes=\"auto, (max-width: 750px) 100vw, 750px\" \/><p id=\"caption-attachment-2259\" class=\"wp-caption-text\"><strong>Yadira Ruiz: \u00abNunca me he avergonzado de mis hijos\u00bb<\/strong><\/p><\/div>\n<p style=\"text-align: justify;\">Cuando <strong>Yadira de Los Santos Ruiz Espinoza<\/strong> recibi\u00f3 la noticia de que su hijo <strong>Juan Francisco Urbina Ruiz<\/strong> ten\u00eda discapacidad intelectual sab\u00eda que ten\u00eda que emprender una batalla dura, pero al mismo tiempo lo asimil\u00f3 con valent\u00eda, pues ya hab\u00eda tenido otro hijo con la misma discapacidad. El amor, el esfuerzo y la lucha constante de do\u00f1a Yadira han convertido a sus hijos en chavalos ejemplares, como es el caso de Juan, un atleta que ha representado a <strong>Nicaragua<\/strong> por todo lo alto.<\/p>\n<p style=\"text-align: justify;\">Juan tiene 21 a\u00f1os y desde los nueve a\u00f1os empez\u00f3 a practicar <strong>atletismo<\/strong>, un deporte del cual confiesa se enamor\u00f3 y que sue\u00f1a con llegar muy largo.<\/p>\n<p style=\"text-align: justify;\">\u00abHe corrido en toda <strong>Centroam\u00e9rica<\/strong>, he sido campe\u00f3n a nivel centroamericano en los 100, 200 y 400 metros. En <strong>Guatemala<\/strong> conquist\u00e9 mi primera medalla. Mi sue\u00f1o es estar en unos <strong>Juegos Paral\u00edmpicos<\/strong> <strong>y darle una medalla a Nicaragua<\/strong>\u00ab, dice Juan.<\/p>\n<p style=\"text-align: justify;\">Juan asegura que dedicarse al atletismo ha sido la mejor decisi\u00f3n de su vida. Juan sabe leer y escribir.<\/p>\n<p style=\"text-align: justify;\">\u00abNunca imagin\u00e9 representar a Nicaragua por medio del deporte, es algo bonito. Lo m\u00e1s bonito ha sido salir adelante con el apoyo de mi madre, del profesor <strong>Santos Treminio<\/strong>, de la <strong>Federaci\u00f3n del Comit\u00e9 Paral\u00edmpico, de Olimpiadas Especiales Nicaragua,<\/strong> me siento agradecido con todos\u00bb, agreg\u00f3 Juan.<\/p>\n<p style=\"text-align: justify;\">Mientras Juan habla, su mam\u00e1<strong> Yadira lo mira con orgullo y l\u00e1grimas en sus ojos<\/strong>, llora de felicidad.<\/p>\n<p style=\"text-align: justify;\">\u00abDesde peque\u00f1o Juan ha tenido el apoyo de sus padres. Tener a dos hijos con discapacidad ha sido una lucha muy fuerte, pero no me he dado por vencida, agradezco a la <strong>federaci\u00f3n, a Olimpiadas Especiales, al profesor Santos<\/strong> y a todos los que nos han apoyado.\u00a0No me he rendido jam\u00e1s por mis hijos, ellos me dan siempre fuerzas para salir adelante, cuando ya no est\u00e9 quiero que ellos se valgan por s\u00ed solos, que sepan que yo luch\u00e9 con ellos hasta el \u00faltimo d\u00eda de mi vida, nunca me dio pena mostrarlos al mundo, ni pena para pedir para el pasaje y traerlos a hacer ejercicios, para mi son mi orgullo\u00bb, dice emocionada do\u00f1a Mercedes.<\/p>\n<p style=\"text-align: justify;\">En el 2019, Juan obtuvo una medalla de\u00a0 bronce en los 800 metros planos en los <strong>Juegos Mundiales de Olimpiadas Especiales en Abu Dabi, Emiratos \u00c1rabes.<\/strong> Juan fue parte de una delegaci\u00f3n de atletas que se alz\u00f3 con 11 medallas en dicho evento mundial, de las cuales fueron cinco de oro, dos de plata y cuatro de bronce.<\/p>\n<p style=\"text-align: justify;\">\u00abDoy gracias a Dios por tener la madre que tengo, por tenerla con vida, alg\u00fan d\u00eda quisiera darle una mejor vida, que no vivamos del pasado. <strong>Quiero decirle a mi madre, que le tengo mucho amor y cari\u00f1o, que la adoro, Cuando gan\u00f3 una medalla siempre pienso en ella, por ella, lucho<\/strong> porque siempre me ha motivado a seguir adelante, al igual que mi entrenador, la federaci\u00f3n, a Olimpiadas Especiales y todos los que me apoyan\u00bb, manifiesta Juan.<\/p>\n<p style=\"text-align: justify;\">Do\u00f1a Yadira finaliz\u00f3 diciendo que <strong>\u00abA las madres que todav\u00eda no aceptan la discapacidad de un hijo o que tienen verg\u00fcenza, no tengan miedo, si hay que pedir hay que hacerlo, tenemos que sacar a nuestro hijos adelante como madres, esa debe ser nuestra meta,<\/strong> a la gente les pido no discriminen porque la lucha es dura, nunca me he avergonzado de mis hijos, nunca me he quedado estancada, luchar\u00e9 por ellos hasta el \u00faltimo d\u00eda de mi vida\u00bb.<\/p>\n","protected":false},"excerpt":{"rendered":"<p>Cuando Yadira de Los Santos Ruiz Espinoza recibi\u00f3 la noticia de que su hijo Juan Francisco Urbina Ruiz ten\u00eda discapacidad intelectual sab\u00eda que ten\u00eda que emprender una batalla dura, pero al mismo tiempo lo asimil\u00f3 con valent\u00eda, pues ya hab\u00eda tenido otro hijo con la misma discapacidad. El amor, el [&hellip;]<\/p>\n","protected":false},"author":1,"featured_media":0,"parent":0,"menu_order":0,"comment_status":"closed","ping_status":"closed","template":"","meta":{"footnotes":""},"class_list":["post-2258","page","type-page","status-publish","hentry"],"_links":{"self":[{"href":"https:\/\/oenicaragua.org\/index.php?rest_route=\/wp\/v2\/pages\/2258","targetHints":{"allow":["GET"]}}],"collection":[{"href":"https:\/\/oenicaragua.org\/index.php?rest_route=\/wp\/v2\/pages"}],"about":[{"href":"https:\/\/oenicaragua.org\/index.php?rest_route=\/wp\/v2\/types\/page"}],"author":[{"embeddable":true,"href":"https:\/\/oenicaragua.org\/index.php?rest_route=\/wp\/v2\/users\/1"}],"replies":[{"embeddable":true,"href":"https:\/\/oenicaragua.org\/index.php?rest_route=%2Fwp%2Fv2%2Fcomments&post=2258"}],"version-history":[{"count":4,"href":"https:\/\/oenicaragua.org\/index.php?rest_route=\/wp\/v2\/pages\/2258\/revisions"}],"predecessor-version":[{"id":2275,"href":"https:\/\/oenicaragua.org\/index.php?rest_route=\/wp\/v2\/pages\/2258\/revisions\/2275"}],"wp:attachment":[{"href":"https:\/\/oenicaragua.org\/index.php?rest_route=%2Fwp%2Fv2%2Fmedia&parent=2258"}],"curies":[{"name":"wp","href":"https:\/\/api.w.org\/{rel}","templated":true}]}}

<div id="attachment_2259" style="width: 760px" class="wp-caption aligncenter"><img loading="lazy" decoding="async" aria-describedby="caption-attachment-2259" src="https://oenicaragua.org/wp-content/uploads/2022/09/JU_03-1024x576.jpg" alt="" width="750" height="422" class="wp-image-2259 size-large" srcset="https://oenicaragua.org/wp-content/uploads/2022/09/JU_03-1024x576.jpg 1024w, https://oenicaragua.org/wp-content/uploads/2022/09/JU_03-300x169.jpg 300w, https://oenicaragua.org/wp-content/uploads/2022/09/JU_03-768x432.jpg 768w, https://oenicaragua.org/wp-content/uploads/2022/09/JU_03-1536x864.jpg 1536w, https://oenicaragua.org/wp-content/uploads/2022/09/JU_03-2048x1152.jpg 2048w" sizes="auto, (max-width: 750px) 100vw, 750px" /><p id="caption-attachment-2259" class="wp-caption-text"><strong>Yadira Ruiz: «Nunca me he avergonzado de mis hijos»</strong></p></div>
<p style="text-align: justify;">Cuando <strong>Yadira de Los Santos Ruiz Espinoza</strong> recibió la noticia de que su hijo <strong>Juan Francisco Urbina Ruiz</strong> tenía discapacidad intelectual sabía que tenía que emprender una batalla dura, pero al mismo tiempo lo asimiló con valentía, pues ya había tenido otro hijo con la misma discapacidad. El amor, el esfuerzo y la lucha constante de doña Yadira han convertido a sus hijos en chavalos ejemplares, como es el caso de Juan, un atleta que ha representado a <strong>Nicaragua</strong> por todo lo alto.</p>
<p style="text-align: justify;">Juan tiene 21 años y desde los nueve años empezó a practicar <strong>atletismo</strong>, un deporte del cual confiesa se enamoró y que sueña con llegar muy largo.</p>
<p style="text-align: justify;">«He corrido en toda <strong>Centroamérica</strong>, he sido campeón a nivel centroamericano en los 100, 200 y 400 metros. En <strong>Guatemala</strong> conquisté mi primera medalla. Mi sueño es estar en unos <strong>Juegos Paralímpicos</strong> <strong>y darle una medalla a Nicaragua</strong>«, dice Juan.</p>
<p style="text-align: justify;">Juan asegura que dedicarse al atletismo ha sido la mejor decisión de su vida. Juan sabe leer y escribir.</p>
<p style="text-align: justify;">«Nunca imaginé representar a Nicaragua por medio del deporte, es algo bonito. Lo más bonito ha sido salir adelante con el apoyo de mi madre, del profesor <strong>Santos Treminio</strong>, de la <strong>Federación del Comité Paralímpico, de Olimpiadas Especiales Nicaragua,</strong> me siento agradecido con todos», agregó Juan.</p>
<p style="text-align: justify;">Mientras Juan habla, su mamá<strong> Yadira lo mira con orgullo y lágrimas en sus ojos</strong>, llora de felicidad.</p>
<p style="text-align: justify;">«Desde pequeño Juan ha tenido el apoyo de sus padres. Tener a dos hijos con discapacidad ha sido una lucha muy fuerte, pero no me he dado por vencida, agradezco a la <strong>federación, a Olimpiadas Especiales, al profesor Santos</strong> y a todos los que nos han apoyado. No me he rendido jamás por mis hijos, ellos me dan siempre fuerzas para salir adelante, cuando ya no esté quiero que ellos se valgan por sí solos, que sepan que yo luché con ellos hasta el último día de mi vida, nunca me dio pena mostrarlos al mundo, ni pena para pedir para el pasaje y traerlos a hacer ejercicios, para mi son mi orgullo», dice emocionada doña Mercedes.</p>
<p style="text-align: justify;">En el 2019, Juan obtuvo una medalla de  bronce en los 800 metros planos en los <strong>Juegos Mundiales de Olimpiadas Especiales en Abu Dabi, Emiratos Árabes.</strong> Juan fue parte de una delegación de atletas que se alzó con 11 medallas en dicho evento mundial, de las cuales fueron cinco de oro, dos de plata y cuatro de bronce.</p>
<p style="text-align: justify;">«Doy gracias a Dios por tener la madre que tengo, por tenerla con vida, algún día quisiera darle una mejor vida, que no vivamos del pasado. <strong>Quiero decirle a mi madre, que le tengo mucho amor y cariño, que la adoro, Cuando ganó una medalla siempre pienso en ella, por ella, lucho</strong> porque siempre me ha motivado a seguir adelante, al igual que mi entrenador, la federación, a Olimpiadas Especiales y todos los que me apoyan», manifiesta Juan.</p>
<p style="text-align: justify;">Doña Yadira finalizó diciendo que <strong>«A las madres que todavía no aceptan la discapacidad de un hijo o que tienen vergüenza, no tengan miedo, si hay que pedir hay que hacerlo, tenemos que sacar a nuestro hijos adelante como madres, esa debe ser nuestra meta,</strong> a la gente les pido no discriminen porque la lucha es dura, nunca me he avergonzado de mis hijos, nunca me he quedado estancada, lucharé por ellos hasta el último día de mi vida».</p>

<p>Cuando Yadira de Los Santos Ruiz Espinoza recibió la noticia de que su hijo Juan Francisco Urbina Ruiz tenía discapacidad intelectual sabía que tenía que emprender una batalla dura, pero al mismo tiempo lo asimiló con valentía, pues ya había tenido otro hijo con la misma discapacidad. El amor, el [&hellip;]</p>
